nvert -752240 (base 8) to base 4.
-331102200
Convert -34715155 (base 9) to base 10.
-16898351
151568 (base 9) to base 14
25ca6
-213110213 (base 5) to base 6
-31301122
1145632 (base 8) to base 3
120222002111
Convert 2222021200112 (base 3) to base 13.
434372
What is -a20991 (base 11) in base 10?
-1640981
Convert -2740637 (base 8) to base 11.
-486951
What is 4b180 (base 14) in base 4?
230331130
Convert 1011111000100110001 (base 2) to base 11.
246643
-3bc219 (base 15) to base 14
-54c14a
248e76 (base 15) to base 13
4942c8
-5240332 (base 7) to base 3
-1012002102211
417389 (base 11) to base 15
d319c
What is -39194 (base 15) in base 16?
-2c956
What is -12010012012220 (base 3) in base 2?
-1010011000000100111010
-4613250 (base 9) to base 4
-21133222311
What is -37cb (base 15) in base 8?
-27163
Convert b1d3cd (base 15) to base 5.
4130322433
Convert -4a4282 (base 12) to base 4.
-10213122002
Convert 1303033231 (base 4) to base 9.
788464
Convert -43145563 (base 7) to base 2.
-1110000001010110001111
What is -10101111202210 (base 3) in base 12?
-72a433
-4383b9 (base 13) to base 3
-2222201211012
What is -23144341 (base 6) in base 8?
-2562105
What is 1444377 (base 9) in base 16?
c29b6
Convert 22102110002012 (base 3) to base 16.
444fb0
What is 1312a61 (base 11) in base 6?
120420302
Convert b386 (base 16) to base 13.
17bc3
What is -99575 (base 10) in base 13?
-36428
Convert 2b820 (base 12) to base 2.
1111000011011000
Convert -231052 (base 9) to base 7.
-1114646
175268 (base 10) to base 15
36de8
Convert a30663 (base 12) to base 13.
6b4459
Convert -1421011 (base 7) to base 15.
-3b48a
What is 1610432 (base 8) in base 9?
775258
-155032 (base 8) to base 4
-31220122
ee9d4 (base 16) to base 8
3564724
10102023 (base 5) to base 11
56273
Convert -221020022001 (base 3) to base 6.
-14351214
What is 411507 (base 10) in base 15?
81ddc
What is 38115 (base 14) in base 4?
201203013
Convert -121313221 (base 4) to base 5.
-11342321
What is 10455c9 (base 13) in base 5?
2231444143
What is 11111144 (base 5) in base 10?
97674
Convert 101010010011011111110 (base 2) to base 3.
2121102120011
30845 (base 11) to base 3
2021122110
What is -3353303 (base 6) in base 12?
-82833
What is -482550 (base 9) in base 8?
-1067440
718296 (base 10) to base 5
140441141
What is 81cd0 (base 15) in base 11?
260aa2
Convert 102121011201 (base 3) to base 16.
37bd0
What is 112033223 (base 5) in base 3?
221112001012
What is -1053360 (base 7) in base 13?
-47751
-230220 (base 8) to base 10
-77968
-2333945 (base 11) to base 4
-33202331001
Convert -2340300 (base 5) to base 16.
-a8c0
152e6a (base 15) to base 2
11111001101000100100
1171a (base 11) to base 8
40710
-5386c7 (base 16) to base 13
-1198763
2202022201 (base 3) to base 2
1101001110100101
Convert -22212021110 (base 3) to base 15.
-36a3c
Convert 1a8467 (base 13) to base 5.
133101430
3514361 (base 8) to base 2
11101001100011110001
-433055000 (base 6) to base 7
-122332614
104420013 (base 5) to base 16
71fc3
Convert -11021200300 (base 4) to base 3.
-2112120102011
What is -372231 (base 11) in base 4?
-2033230202
What is 36330522 (base 7) in base 6?
153154040
-555205 (base 6) to base 11
-31a49
Convert -2184062 (base 9) to base 15.
-183ccb
What is -664541 (base 11) in base 8?
-4026436
18534 (base 11) to base 15
7a3b
What is 312033120 (base 5) in base 13?
35c2b6
What is 489b60 (base 12) in base 2?
100011111101100111000
-181ab (base 13) to base 4
-23111233
-28417 (base 9) to base 14
-7062
-1110111101011101011 (base 2) to base 10
-490219
What is -32140040 (base 7) in base 16?
-29b14e
-23123342 (base 5) to base 7
-1524222
What is 2353a (base 15) in base 5?
12100210
What is -451460 (base 8) in base 16?
-25330
Convert -3257401 (base 8) to base 9.
-1575034
What is 122a1 (base 15) in base 13?
20509
-5a8051 (base 13) to base 2
-1000001111010001100101
What is -210920 (base 10) in base 4?
-303133220
What is 2342351 (base 9) in base 6?
43102244
Convert -340224134 (base 6) to base 9.
-12555134
-1124111443 (base 5) to base 13
-6bb24c
What is 9308425 (base 10) in base 5?
4340332200
Convert 1214141344 (base 5) to base 10.
2880849
-101100000010010 (base 2) to base 9
-33831
What is 11766505 (base 9) in base 7?
100026464
12314310 (base 6) to base 10
398850
What is 110111011000101111111011 (base 2) in base 8?
67305773
-112132303 (base 4) to base 2
-10110011110110011
Convert -12133140 (base 6) to base 14.
-a0764
312330132 (base 4) to base 14
5c034
Convert dd4c4 (base 14) to base 6.
15253352
What is -1453235 (base 6) in base 12?
-4121b
12655354 (base 7) to base 10
1173589
Convert 274155 (base 8) to base 11.
66445
What is -127618 (base 10) in base 11?
-87977
What is 517251 (base 9) in base 4?
1022332231
Convert -b94526 (base 12) to base 2.
-1011001011101011101110
bc1b0 (base 13) to base 16
5336f
What is 1200210021 (base 4) in base 11?
250192
-7150125 (base 8) to base 4
-13031001111
Convert -1290500 (base 11) to base 6.
-115413421
Convert 4021444 (base 6) to base 14.
4d152
Convert 121212220 (base 3) to base 15.
39a9
Convert a77ba (base 16) to base 5.
133423020
186b83 (base 12) to base 4
1220030103
What is aa82f9 (base 16) in base 8?
52501371
-329a208 (base 13) to base 2
-111011001000110000101010
Convert -1114416 (base 8) to base 4.
-1021210032
-30254178 (base 9) to base 4
-313110233132
What is 1136a1 (base 14) in base 13?
176829
Convert 432231 (base 6) to base 5.
2114030
Convert 334436 (base 13) to base 9.
2242472
-1c2134 (base 14) to base 4
-3311100002
What is 10337 (base 9) in base 13?
3160
Convert 152413 (base 6) to base 12.
8709
What is 100401231 (base 5) in base 8?
1423564
Convert 10a940 (base 12) to base 15.
543a6
What is 5790c (base 14) in base 9?
354237
-210102000 (base 3) to base 8
-36366
What is -2804900 (base 10) in base 3?
-12021111121012
-566436 (base 8) to base 16
-2ed1e
What is -247007 (base 8) in base 5?
-10214021
-3425645 (base 10) to base 6
-201231245
52272 (base 14) to base 5
22314220
Convert 14795a2 (base 11) to base 10.
2530948
What is -15551556 (base 7) in base 5?
-341232312
Convert -33c02 (base 13) to base 3.
-11210100202
9a7741 (base 11) to base 7
16436305
Convert -1741a7 (base 11) to base 16.
-41b2c
What is -122903 (base 15) in base 11?
-544217
Convert -a96024 (base 16) to base 9.
-22787541
What is -25aca (base 15) in base 3?
-20010101101
837273 (base 9) to base 11
30a788
3759938 (base 10) to base 2
1110010101111101000010
What is 2dbc3 (base 15) in base 2?
100100000101000111
1021011101001 (base 3) to base 6
22225001
110011001101100010100010 (base 2) to base 12
45b4b96
What is -3a0022 (base 14) in base 16?
-1e7b5e
Convert -101100101001110001 (base 2) to base 16.
-2ca71
3972c (base 14) to base 7
1126055
-41300114 (base 5) to base 7
-2604031
277842 (base 10) to base 8
1036522
-100113320131 (base 4) to base 16
-417e1d
What is 21220210 (base 4) in base 13?
14c65
Convert -81682 (base 12) to base 14.
-45614
What is 136960 (base 12) in base 3?
121101202200
1332440 (base 6) to base 2
10010001011101000
What is -101210210 (base 3) in base 16?
-1ec6
Convert -2112520 (base 6) to base 13.
-37b69
Convert 317050 (base 9) to base 2.
101110000110111000
Convert 374b5 (base 13) to base 14.
291b8
What is -15a202 (base 12) in base 9?
-623582
What is -120220 (base 14) in base 12?
-257b44
67225265 (base 8) to base 3
1000021101120020
4a462 (base 12) to base 2
11000101000001010
Convert -266120 (base 7) to base 3.
-2112210002
What is -2225 (base 9) in base 8?
-3153
-b376 (base 13) to base 4
-12003003
Convert 12221012011220 (base 3) to base 7.
35541405
Convert 46161050 (base 7) to base 15.
549872
What is 6044147 (base 8) in base 5?
401411044
What is -33940 (base 14) in base 7?
-1031210
-33253 (base 8) to base 7
-55542
Convert -41066512 (base 8) to base 13.
-1a4b358
What is -1b1c00 (base 13) in base 3?
-1022001002001
311232323 (base 4) to base 9
364815
-2bb793 (base 15) to base 9
-3872443
30412410 (base 5) to base 8
744057
What is -193137 (base 10) in base 13?
-69ba9
2120121210201 (base 3) to base 4
11032210021
What is 12313231321 (base 4) in base 6?
102334201
Convert -18e16 (base 15) to base 6.
-1422020
What is -106a399 (base 14) in base 11?
-443a428
-645c5 (base 14) to base 4
-323033001
10345144 (base 7) to base 9
1588437
-4433316 (base 7) to base 16
-855a8
What is -799586 (base 12) in ba